{"id":8201,"date":"2024-05-13T12:38:27","date_gmt":"2024-05-13T10:38:27","guid":{"rendered":"https:\/\/www.e-leclerc.es\/pamplona\/?page_id=8201"},"modified":"2025-10-20T10:23:53","modified_gmt":"2025-10-20T08:23:53","slug":"promociones-sms","status":"publish","type":"page","link":"https:\/\/e-leclerc.es\/pamplona\/promociones-sms\/","title":{"rendered":"Promociones SMS"},"content":{"rendered":"\n<p><\/p>\n\n\n\n<p>Promoci\u00f3n personal e intransferible. Para poder beneficiarse&nbsp;de esta promoci\u00f3n, deber\u00e1&nbsp;presentar junto a la Tarjeta E.Leclerc su DNI. No ser\u00e1n canjeables las ofertas enviadas desde cuentas no oficiales de E.Leclerc Pamplona (Iru\u00f1adis&nbsp;S.L.). Promoci\u00f3n no v\u00e1lida para Tienda Online. No aplicable para pedidos y encargos realizados con anterioridad a la fecha de inicio de la promoci\u00f3n.<\/p>\n\n\n\n<p class=\"has-normal-font-size\">Si desea acceder a la Pol\u00edtica de Privacidad que rige el tratamiento de esta comunicaci\u00f3n comercial o de la Tarjeta E. Leclerc&nbsp;<a href=\"https:\/\/e-leclerc.es\/pamplona\/politica-de-privacidad\/\"><strong>pulse aqu\u00ed<\/strong><\/a>&nbsp;mientras que si quiere retirar el consentimiento a E.Leclerc Pamplona&nbsp;(Iru\u00f1adis S.L.) para la remisi\u00f3n de comunicaciones comerciales puede escribirnos un correo electr\u00f3nico&nbsp;a&nbsp;<a href=\"mailto:admin-finanzas@pamplona.leclerc\" target=\"_blank\" rel=\"noreferrer noopener\">admin-finanzas@pamplona.leclerc<\/a>&nbsp;con el asunto \u00abBaja SMS\u00bb o \u00abBaja correo electr\u00f3nico\u00bb o bien \u00abBaja SMS y correo electr\u00f3nico\u00bb junto a su n\u00famero de Tarjeta E.Leclerc, o bien dirigirse por cualquier v\u00eda establecida por el responsable en la pol\u00edtica de privacidad.<\/p>\n\n\n\n<p><\/p>\n","protected":false},"excerpt":{"rendered":"<p>Promoci\u00f3n personal e intransferible. Para poder beneficiarse&nbsp;de esta promoci\u00f3n, deber\u00e1&nbsp;presentar junto a la Tarjeta E.Leclerc su DNI. No ser\u00e1n canjeables las ofertas enviadas desde cuentas no oficiales de E.Leclerc Pamplona (Iru\u00f1adis&nbsp;S.L.). Promoci\u00f3n no v\u00e1lida para Tienda Online. No aplicable para pedidos y encargos realizados con anterioridad a la fecha de inicio de la promoci\u00f3n. Si [&hellip;]<\/p>\n","protected":false},"author":20,"featured_media":0,"parent":0,"menu_order":0,"comment_status":"closed","ping_status":"closed","template":"","meta":{"_acf_changed":false,"footnotes":""},"class_list":["post-8201","page","type-page","status-publish","hentry"],"acf":[],"yoast_head":"<!-- This site is optimized with the Yoast SEO plugin v27.4 - https:\/\/yoast.com\/product\/yoast-seo-wordpress\/ -->\n<title>Promociones SMS - E.Leclerc Pamplona<\/title>\n<meta name=\"robots\" content=\"index, follow, max-snippet:-1, max-image-preview:large, max-video-preview:-1\" \/>\n<link rel=\"canonical\" href=\"https:\/\/e-leclerc.es\/pamplona\/promociones-sms\/\" \/>\n<meta property=\"og:locale\" content=\"es_ES\" \/>\n<meta property=\"og:type\" content=\"article\" \/>\n<meta property=\"og:title\" content=\"Promociones SMS - E.Leclerc Pamplona\" \/>\n<meta property=\"og:description\" content=\"Promoci\u00f3n personal e intransferible. Para poder beneficiarse&nbsp;de esta promoci\u00f3n, deber\u00e1&nbsp;presentar junto a la Tarjeta E.Leclerc su DNI. No ser\u00e1n canjeables las ofertas enviadas desde cuentas no oficiales de E.Leclerc Pamplona (Iru\u00f1adis&nbsp;S.L.). Promoci\u00f3n no v\u00e1lida para Tienda Online. No aplicable para pedidos y encargos realizados con anterioridad a la fecha de inicio de la promoci\u00f3n. Si [&hellip;]\" \/>\n<meta property=\"og:url\" content=\"https:\/\/e-leclerc.es\/pamplona\/promociones-sms\/\" \/>\n<meta property=\"og:site_name\" content=\"E.Leclerc Pamplona\" \/>\n<meta property=\"article:modified_time\" content=\"2025-10-20T08:23:53+00:00\" \/>\n<meta name=\"twitter:card\" content=\"summary_large_image\" \/>\n<meta name=\"twitter:label1\" content=\"Tiempo de lectura\" \/>\n\t<meta name=\"twitter:data1\" content=\"1 minuto\" \/>\n<script type=\"application\/ld+json\" class=\"yoast-schema-graph\">{\"@context\":\"https:\\\/\\\/schema.org\",\"@graph\":[{\"@type\":\"WebPage\",\"@id\":\"https:\\\/\\\/e-leclerc.es\\\/pamplona\\\/promociones-sms\\\/\",\"url\":\"https:\\\/\\\/e-leclerc.es\\\/pamplona\\\/promociones-sms\\\/\",\"name\":\"Promociones SMS - E.Leclerc Pamplona\",\"isPartOf\":{\"@id\":\"https:\\\/\\\/e-leclerc.es\\\/pamplona\\\/#website\"},\"datePublished\":\"2024-05-13T10:38:27+00:00\",\"dateModified\":\"2025-10-20T08:23:53+00:00\",\"breadcrumb\":{\"@id\":\"https:\\\/\\\/e-leclerc.es\\\/pamplona\\\/promociones-sms\\\/#breadcrumb\"},\"inLanguage\":\"es\",\"potentialAction\":[{\"@type\":\"ReadAction\",\"target\":[\"https:\\\/\\\/e-leclerc.es\\\/pamplona\\\/promociones-sms\\\/\"]}]},{\"@type\":\"BreadcrumbList\",\"@id\":\"https:\\\/\\\/e-leclerc.es\\\/pamplona\\\/promociones-sms\\\/#breadcrumb\",\"itemListElement\":[{\"@type\":\"ListItem\",\"position\":1,\"name\":\"Portada\",\"item\":\"https:\\\/\\\/e-leclerc.es\\\/pamplona\\\/\"},{\"@type\":\"ListItem\",\"position\":2,\"name\":\"Promociones SMS\"}]},{\"@type\":\"WebSite\",\"@id\":\"https:\\\/\\\/e-leclerc.es\\\/pamplona\\\/#website\",\"url\":\"https:\\\/\\\/e-leclerc.es\\\/pamplona\\\/\",\"name\":\"E.Leclerc Pamplona\",\"description\":\"Descubre los folletos, ofertas y promociones de nuestro hipermercado E.Leclerc Pamplona en Arag\u00f3n. Direcci\u00f3n | Horario | Productos locales\",\"publisher\":{\"@id\":\"https:\\\/\\\/e-leclerc.es\\\/pamplona\\\/#organization\"},\"potentialAction\":[{\"@type\":\"SearchAction\",\"target\":{\"@type\":\"EntryPoint\",\"urlTemplate\":\"https:\\\/\\\/e-leclerc.es\\\/pamplona\\\/?s={search_term_string}\"},\"query-input\":{\"@type\":\"PropertyValueSpecification\",\"valueRequired\":true,\"valueName\":\"search_term_string\"}}],\"inLanguage\":\"es\"},{\"@type\":\"Organization\",\"@id\":\"https:\\\/\\\/e-leclerc.es\\\/pamplona\\\/#organization\",\"name\":\"E.Leclerc Pamplona\",\"url\":\"https:\\\/\\\/e-leclerc.es\\\/pamplona\\\/\",\"logo\":{\"@type\":\"ImageObject\",\"inLanguage\":\"es\",\"@id\":\"https:\\\/\\\/e-leclerc.es\\\/pamplona\\\/#\\\/schema\\\/logo\\\/image\\\/\",\"url\":\"https:\\\/\\\/e-leclerc.es\\\/pamplona\\\/wp-content\\\/uploads\\\/sites\\\/16\\\/2024\\\/03\\\/Leclerc_Logo.svg\",\"contentUrl\":\"https:\\\/\\\/e-leclerc.es\\\/pamplona\\\/wp-content\\\/uploads\\\/sites\\\/16\\\/2024\\\/03\\\/Leclerc_Logo.svg\",\"caption\":\"E.Leclerc Pamplona\"},\"image\":{\"@id\":\"https:\\\/\\\/e-leclerc.es\\\/pamplona\\\/#\\\/schema\\\/logo\\\/image\\\/\"}}]}<\/script>\n<!-- \/ Yoast SEO plugin. -->","yoast_head_json":{"title":"Promociones SMS - E.Leclerc Pamplona","robots":{"index":"index","follow":"follow","max-snippet":"max-snippet:-1","max-image-preview":"max-image-preview:large","max-video-preview":"max-video-preview:-1"},"canonical":"https:\/\/e-leclerc.es\/pamplona\/promociones-sms\/","og_locale":"es_ES","og_type":"article","og_title":"Promociones SMS - E.Leclerc Pamplona","og_description":"Promoci\u00f3n personal e intransferible. Para poder beneficiarse&nbsp;de esta promoci\u00f3n, deber\u00e1&nbsp;presentar junto a la Tarjeta E.Leclerc su DNI. No ser\u00e1n canjeables las ofertas enviadas desde cuentas no oficiales de E.Leclerc Pamplona (Iru\u00f1adis&nbsp;S.L.). Promoci\u00f3n no v\u00e1lida para Tienda Online. No aplicable para pedidos y encargos realizados con anterioridad a la fecha de inicio de la promoci\u00f3n. Si [&hellip;]","og_url":"https:\/\/e-leclerc.es\/pamplona\/promociones-sms\/","og_site_name":"E.Leclerc Pamplona","article_modified_time":"2025-10-20T08:23:53+00:00","twitter_card":"summary_large_image","twitter_misc":{"Tiempo de lectura":"1 minuto"},"schema":{"@context":"https:\/\/schema.org","@graph":[{"@type":"WebPage","@id":"https:\/\/e-leclerc.es\/pamplona\/promociones-sms\/","url":"https:\/\/e-leclerc.es\/pamplona\/promociones-sms\/","name":"Promociones SMS - E.Leclerc Pamplona","isPartOf":{"@id":"https:\/\/e-leclerc.es\/pamplona\/#website"},"datePublished":"2024-05-13T10:38:27+00:00","dateModified":"2025-10-20T08:23:53+00:00","breadcrumb":{"@id":"https:\/\/e-leclerc.es\/pamplona\/promociones-sms\/#breadcrumb"},"inLanguage":"es","potentialAction":[{"@type":"ReadAction","target":["https:\/\/e-leclerc.es\/pamplona\/promociones-sms\/"]}]},{"@type":"BreadcrumbList","@id":"https:\/\/e-leclerc.es\/pamplona\/promociones-sms\/#breadcrumb","itemListElement":[{"@type":"ListItem","position":1,"name":"Portada","item":"https:\/\/e-leclerc.es\/pamplona\/"},{"@type":"ListItem","position":2,"name":"Promociones SMS"}]},{"@type":"WebSite","@id":"https:\/\/e-leclerc.es\/pamplona\/#website","url":"https:\/\/e-leclerc.es\/pamplona\/","name":"E.Leclerc Pamplona","description":"Descubre los folletos, ofertas y promociones de nuestro hipermercado E.Leclerc Pamplona en Arag\u00f3n. Direcci\u00f3n | Horario | Productos locales","publisher":{"@id":"https:\/\/e-leclerc.es\/pamplona\/#organization"},"potentialAction":[{"@type":"SearchAction","target":{"@type":"EntryPoint","urlTemplate":"https:\/\/e-leclerc.es\/pamplona\/?s={search_term_string}"},"query-input":{"@type":"PropertyValueSpecification","valueRequired":true,"valueName":"search_term_string"}}],"inLanguage":"es"},{"@type":"Organization","@id":"https:\/\/e-leclerc.es\/pamplona\/#organization","name":"E.Leclerc Pamplona","url":"https:\/\/e-leclerc.es\/pamplona\/","logo":{"@type":"ImageObject","inLanguage":"es","@id":"https:\/\/e-leclerc.es\/pamplona\/#\/schema\/logo\/image\/","url":"https:\/\/e-leclerc.es\/pamplona\/wp-content\/uploads\/sites\/16\/2024\/03\/Leclerc_Logo.svg","contentUrl":"https:\/\/e-leclerc.es\/pamplona\/wp-content\/uploads\/sites\/16\/2024\/03\/Leclerc_Logo.svg","caption":"E.Leclerc Pamplona"},"image":{"@id":"https:\/\/e-leclerc.es\/pamplona\/#\/schema\/logo\/image\/"}}]}},"_links":{"self":[{"href":"https:\/\/e-leclerc.es\/pamplona\/wp-json\/wp\/v2\/pages\/8201","targetHints":{"allow":["GET"]}}],"collection":[{"href":"https:\/\/e-leclerc.es\/pamplona\/wp-json\/wp\/v2\/pages"}],"about":[{"href":"https:\/\/e-leclerc.es\/pamplona\/wp-json\/wp\/v2\/types\/page"}],"author":[{"embeddable":true,"href":"https:\/\/e-leclerc.es\/pamplona\/wp-json\/wp\/v2\/users\/20"}],"replies":[{"embeddable":true,"href":"https:\/\/e-leclerc.es\/pamplona\/wp-json\/wp\/v2\/comments?post=8201"}],"version-history":[{"count":8,"href":"https:\/\/e-leclerc.es\/pamplona\/wp-json\/wp\/v2\/pages\/8201\/revisions"}],"predecessor-version":[{"id":10460,"href":"https:\/\/e-leclerc.es\/pamplona\/wp-json\/wp\/v2\/pages\/8201\/revisions\/10460"}],"wp:attachment":[{"href":"https:\/\/e-leclerc.es\/pamplona\/wp-json\/wp\/v2\/media?parent=8201"}],"curies":[{"name":"wp","href":"https:\/\/api.w.org\/{rel}","templated":true}]}}