{"id":7211,"date":"2024-06-04T15:54:20","date_gmt":"2024-06-04T13:54:20","guid":{"rendered":"https:\/\/www.e-leclerc.es\/leon\/?page_id=7211"},"modified":"2025-06-18T13:20:47","modified_gmt":"2025-06-18T11:20:47","slug":"reserva-libros-de-texto","status":"publish","type":"page","link":"https:\/\/e-leclerc.es\/leon\/reserva-libros-de-texto\/","title":{"rendered":"Reserva libros de texto"},"content":{"rendered":"\t\t<div data-elementor-type=\"wp-page\" data-elementor-id=\"7211\" class=\"elementor elementor-7211\" data-elementor-post-type=\"page\">\n\t\t\t\t<div class=\"elementor-element elementor-element-8efa8ad e-flex e-con-boxed e-con e-parent\" data-id=\"8efa8ad\" data-element_type=\"container\" data-e-type=\"container\">\n\t\t\t\t\t<div class=\"e-con-inner\">\n\t\t<div class=\"elementor-element elementor-element-20eb810 e-flex e-con-boxed e-con e-child\" data-id=\"20eb810\" data-element_type=\"container\" data-e-type=\"container\">\n\t\t\t\t\t<div class=\"e-con-inner\">\n\t\t<div class=\"elementor-element elementor-element-66795b8 e-con-full e-flex e-con e-child\" data-id=\"66795b8\" data-element_type=\"container\" data-e-type=\"container\">\n\t\t\t\t<div class=\"elementor-element elementor-element-cfd12b7 elementor-invisible elementor-widget elementor-widget-rt-title\" data-id=\"cfd12b7\" data-element_type=\"widget\" data-e-type=\"widget\" data-widget_type=\"rt-title.default\">\n\t\t\t\t<div class=\"elementor-widget-container\">\n\t\t\t\t\t<div class=\"rt-section-title style1\">\n\t<div class=\"title-holder\">\t\t\n\t\t\t\t<span class=\"sub-title hide fadeInUp\" data-wow-delay=\"0.2s\" data-wow-duration=\"1.2s\">Solicitud de libros de texto para el curso escolar 2025\/2026<\/span>\n\t\t\t\t\t\t<div class=\"heading-wrap \"><h2 class=\"entry-title hide fadeInUp\" data-wow-delay=\"0.4s\" data-wow-duration=\"1.2s\">Reserva YA tus libros de texto<br>para el pr\u00f3ximo curso AL MEJOR PRECIO,<br>te damos un 5 %* en tu tarjeta E.Leclerc<\/h2><\/div>\n\t\t\t\t\t\t\t\t<span class=\"entry-text hide fadeInUp\" data-wow-delay=\"0.8s\" data-wow-duration=\"1.2s\">*En todos los libros de texto, todos los d\u00edas. Ofertas no acumulables.<br>\nCon los datos que te han facilitado en el colegio, <b>rellena el siguiente formulario y haz tu pedido<\/b> de forma online.<br>\nTienes hasta el <b>31 de julio<\/b> para hacer tu pedido.<\/span>\n\t\t\t<\/div>\n<\/div>\n\t\t\t\t<\/div>\n\t\t\t\t<\/div>\n\t\t\t\t<\/div>\n\t\t\t\t\t<\/div>\n\t\t\t\t<\/div>\n\t\t\t\t\t<\/div>\n\t\t\t\t<\/div>\n\t\t<div class=\"elementor-element elementor-element-10a70cc e-flex e-con-boxed e-con e-parent\" data-id=\"10a70cc\" data-element_type=\"container\" data-e-type=\"container\">\n\t\t\t\t\t<div class=\"e-con-inner\">\n\t\t<div class=\"elementor-element elementor-element-776aa56 e-flex e-con-boxed e-con e-child\" data-id=\"776aa56\" data-element_type=\"container\" data-e-type=\"container\">\n\t\t\t\t\t<div class=\"e-con-inner\">\n\t\t<div class=\"elementor-element elementor-element-0281e53 e-con-full e-flex e-con e-child\" data-id=\"0281e53\" data-element_type=\"container\" data-e-type=\"container\">\n\t\t\t\t<div class=\"elementor-element elementor-element-c10b8a5 elementor-invisible elementor-widget elementor-widget-rt-title\" data-id=\"c10b8a5\" data-element_type=\"widget\" data-e-type=\"widget\" data-widget_type=\"rt-title.default\">\n\t\t\t\t<div class=\"elementor-widget-container\">\n\t\t\t\t\t<div class=\"rt-section-title style2\">\n\t<div class=\"title-holder\">\t\t\n\t<div class=\"heading-wrap \"><h1 class=\"entry-title hide fadeInUp\" data-wow-delay=\"0.2s\" data-wow-duration=\"1.2s\">Solicitud de reserva<span class=\"line-wrap\"><span class=\"title-line\"><\/span><span class=\"title-border\"><\/span><\/span><\/h1><\/div>\t\n\t<\/div>\n<\/div>\t\t\t\t<\/div>\n\t\t\t\t<\/div>\n\t\t\t\t<\/div>\n\t\t\t\t\t<\/div>\n\t\t\t\t<\/div>\n\t\t\t\t\t<\/div>\n\t\t\t\t<\/div>\n\t\t<div class=\"elementor-element elementor-element-aed2726 e-flex e-con-boxed e-con e-parent\" data-id=\"aed2726\" data-element_type=\"container\" data-e-type=\"container\">\n\t\t\t\t\t<div class=\"e-con-inner\">\n\t\t\t\t<div class=\"elementor-element elementor-element-f228a22 fluent-form-widget-step-header-yes fluent-form-widget-step-progressbar-yes fluentform-widget-submit-button-custom elementor-widget elementor-widget-fluent-form-widget\" data-id=\"f228a22\" data-element_type=\"widget\" data-e-type=\"widget\" data-widget_type=\"fluent-form-widget.default\">\n\t\t\t\t<div class=\"elementor-widget-container\">\n\t\t\t\t\t\n            <div class=\"fluentform-widget-wrapper fluentform-widget-align-default\">\n\n            \n                        <\/div>\n\n            \t\t\t\t<\/div>\n\t\t\t\t<\/div>\n\t\t\t\t\t<\/div>\n\t\t\t\t<\/div>\n\t\t<div class=\"elementor-element elementor-element-333a569 e-flex e-con-boxed e-con e-parent\" data-id=\"333a569\" data-element_type=\"container\" data-e-type=\"container\" data-settings=\"{&quot;background_background&quot;:&quot;classic&quot;}\">\n\t\t\t\t\t<div class=\"e-con-inner\">\n\t\t<div class=\"elementor-element elementor-element-fb63179 e-flex e-con-boxed e-con e-child\" data-id=\"fb63179\" data-element_type=\"container\" data-e-type=\"container\">\n\t\t\t\t\t<div class=\"e-con-inner\">\n\t\t<div class=\"elementor-element elementor-element-789a3b7 e-con-full e-flex e-con e-child\" data-id=\"789a3b7\" data-element_type=\"container\" data-e-type=\"container\">\n\t\t\t\t<div class=\"elementor-element elementor-element-ad7e154 elementor-invisible elementor-widget elementor-widget-rt-title\" data-id=\"ad7e154\" data-element_type=\"widget\" data-e-type=\"widget\" data-widget_type=\"rt-title.default\">\n\t\t\t\t<div class=\"elementor-widget-container\">\n\t\t\t\t\t<div class=\"rt-section-title style1\">\n\t<div class=\"title-holder\">\t\t\n\t\t\t\t\t\t<div class=\"heading-wrap \"><h2 class=\"entry-title hide fadeInUp\" data-wow-delay=\"0.4s\" data-wow-duration=\"1.2s\">Puedes hacerlo de forma f\u00edsica<br>en nuestras tiendas<\/h2><\/div>\n\t\t\t\t\t\t\t\t<span class=\"entry-text hide fadeInUp\" data-wow-delay=\"0.8s\" data-wow-duration=\"1.2s\">Para hacer la reserva de los libros en nuestras tiendas, debes descargar el folleto y cumplimentarlo con los datos correspondientes.<\/span>\n\t\t\t<\/div>\n<\/div>\n\t\t\t\t<\/div>\n\t\t\t\t<\/div>\n\t\t\t\t<div class=\"elementor-element elementor-element-f6129f5 elementor-invisible elementor-widget elementor-widget-rt-button\" data-id=\"f6129f5\" data-element_type=\"widget\" data-e-type=\"widget\" data-widget_type=\"rt-button.default\">\n\t\t\t\t<div class=\"elementor-widget-container\">\n\t\t\t\t\t<div class=\"rt-button hide fadeInUp\" data-wow-delay=\"0.2s\" data-wow-duration=\"1.2s\">\n\t\t\t<a class=\"button-link button-style-4\" href=\"https:\/\/e-leclerc.es\/leon\/wp-content\/uploads\/sites\/10\/2025\/06\/RESERVA-LIBROS-LEON-2025-2026-1.pdf\" target=\"_blank\">\n                        <span class=\"button-text button-text-right\">Descargar ficha<\/span>\n                        <span class=\"icon icon-right\"><i class=\" icon-zilly-right-arrow\"><\/i><\/span>                    <\/a>\n\t<\/div>\t\t\t\t<\/div>\n\t\t\t\t<\/div>\n\t\t\t\t<\/div>\n\t\t\t\t\t<\/div>\n\t\t\t\t<\/div>\n\t\t<div class=\"elementor-element elementor-element-6e0c719 e-flex e-con-boxed e-con e-child\" data-id=\"6e0c719\" data-element_type=\"container\" data-e-type=\"container\">\n\t\t\t\t\t<div class=\"e-con-inner\">\n\t\t<div class=\"elementor-element elementor-element-a528591 e-con-full e-flex e-con e-child\" data-id=\"a528591\" data-element_type=\"container\" data-e-type=\"container\">\n\t\t\t\t<div class=\"elementor-element elementor-element-fce35aa elementor-widget elementor-widget-image\" data-id=\"fce35aa\" data-element_type=\"widget\" data-e-type=\"widget\" data-widget_type=\"image.default\">\n\t\t\t\t<div class=\"elementor-widget-container\">\n\t\t\t\t\t\t\t\t\t\t\t\t\t\t\t<img fetchpriority=\"high\" decoding=\"async\" width=\"629\" height=\"420\" src=\"https:\/\/e-leclerc.es\/leon\/wp-content\/uploads\/sites\/10\/2024\/06\/ventajas-3.svg\" class=\"attachment-full size-full wp-image-7213\" alt=\"\" \/>\t\t\t\t\t\t\t\t\t\t\t\t\t\t\t<\/div>\n\t\t\t\t<\/div>\n\t\t\t\t<\/div>\n\t\t\t\t\t<\/div>\n\t\t\t\t<\/div>\n\t\t\t\t\t<\/div>\n\t\t\t\t<\/div>\n\t\t\t\t<\/div>\n\t\t","protected":false},"excerpt":{"rendered":"<p>Solicitud de libros de texto para el curso escolar 2025\/2026 Reserva YA tus libros de textopara el pr\u00f3ximo curso AL MEJOR PRECIO,te damos un 5 %* en tu tarjeta E.Leclerc *En todos los libros de texto, todos los d\u00edas. Ofertas no acumulables. Con los datos que te han facilitado en el colegio, rellena el siguiente [&hellip;]<\/p>\n","protected":false},"author":3,"featured_media":0,"parent":0,"menu_order":0,"comment_status":"closed","ping_status":"closed","template":"","meta":{"_acf_changed":false,"footnotes":""},"class_list":["post-7211","page","type-page","status-publish","hentry"],"acf":[],"yoast_head":"<!-- This site is optimized with the Yoast SEO plugin v27.4 - https:\/\/yoast.com\/product\/yoast-seo-wordpress\/ -->\n<title>Reserva libros de texto - E.Leclerc Le\u00f3n<\/title>\n<meta name=\"robots\" content=\"noindex, follow\" \/>\n<meta property=\"og:locale\" content=\"es_ES\" \/>\n<meta property=\"og:type\" content=\"article\" \/>\n<meta property=\"og:title\" content=\"Reserva libros de texto - E.Leclerc Le\u00f3n\" \/>\n<meta property=\"og:description\" content=\"Solicitud de libros de texto para el curso escolar 2025\/2026 Reserva YA tus libros de textopara el pr\u00f3ximo curso AL MEJOR PRECIO,te damos un 5 %* en tu tarjeta E.Leclerc *En todos los libros de texto, todos los d\u00edas. Ofertas no acumulables. Con los datos que te han facilitado en el colegio, rellena el siguiente [&hellip;]\" \/>\n<meta property=\"og:url\" content=\"https:\/\/e-leclerc.es\/leon\/reserva-libros-de-texto\/\" \/>\n<meta property=\"og:site_name\" content=\"E.Leclerc Le\u00f3n\" \/>\n<meta property=\"article:modified_time\" content=\"2025-06-18T11:20:47+00:00\" \/>\n<meta name=\"twitter:card\" content=\"summary_large_image\" \/>\n<meta name=\"twitter:label1\" content=\"Tiempo de lectura\" \/>\n\t<meta name=\"twitter:data1\" content=\"2 minutos\" \/>\n<script type=\"application\/ld+json\" class=\"yoast-schema-graph\">{\"@context\":\"https:\\\/\\\/schema.org\",\"@graph\":[{\"@type\":\"WebPage\",\"@id\":\"https:\\\/\\\/e-leclerc.es\\\/leon\\\/reserva-libros-de-texto\\\/\",\"url\":\"https:\\\/\\\/e-leclerc.es\\\/leon\\\/reserva-libros-de-texto\\\/\",\"name\":\"Reserva libros de texto - E.Leclerc Le\u00f3n\",\"isPartOf\":{\"@id\":\"https:\\\/\\\/e-leclerc.es\\\/leon\\\/#website\"},\"primaryImageOfPage\":{\"@id\":\"https:\\\/\\\/e-leclerc.es\\\/leon\\\/reserva-libros-de-texto\\\/#primaryimage\"},\"image\":{\"@id\":\"https:\\\/\\\/e-leclerc.es\\\/leon\\\/reserva-libros-de-texto\\\/#primaryimage\"},\"thumbnailUrl\":\"https:\\\/\\\/e-leclerc.es\\\/leon\\\/wp-content\\\/uploads\\\/sites\\\/10\\\/2024\\\/06\\\/ventajas-3.svg\",\"datePublished\":\"2024-06-04T13:54:20+00:00\",\"dateModified\":\"2025-06-18T11:20:47+00:00\",\"breadcrumb\":{\"@id\":\"https:\\\/\\\/e-leclerc.es\\\/leon\\\/reserva-libros-de-texto\\\/#breadcrumb\"},\"inLanguage\":\"es\",\"potentialAction\":[{\"@type\":\"ReadAction\",\"target\":[\"https:\\\/\\\/e-leclerc.es\\\/leon\\\/reserva-libros-de-texto\\\/\"]}]},{\"@type\":\"ImageObject\",\"inLanguage\":\"es\",\"@id\":\"https:\\\/\\\/e-leclerc.es\\\/leon\\\/reserva-libros-de-texto\\\/#primaryimage\",\"url\":\"https:\\\/\\\/e-leclerc.es\\\/leon\\\/wp-content\\\/uploads\\\/sites\\\/10\\\/2024\\\/06\\\/ventajas-3.svg\",\"contentUrl\":\"https:\\\/\\\/e-leclerc.es\\\/leon\\\/wp-content\\\/uploads\\\/sites\\\/10\\\/2024\\\/06\\\/ventajas-3.svg\",\"width\":629,\"height\":420},{\"@type\":\"BreadcrumbList\",\"@id\":\"https:\\\/\\\/e-leclerc.es\\\/leon\\\/reserva-libros-de-texto\\\/#breadcrumb\",\"itemListElement\":[{\"@type\":\"ListItem\",\"position\":1,\"name\":\"Portada\",\"item\":\"https:\\\/\\\/e-leclerc.es\\\/leon\\\/\"},{\"@type\":\"ListItem\",\"position\":2,\"name\":\"Reserva libros de texto\"}]},{\"@type\":\"WebSite\",\"@id\":\"https:\\\/\\\/e-leclerc.es\\\/leon\\\/#website\",\"url\":\"https:\\\/\\\/e-leclerc.es\\\/leon\\\/\",\"name\":\"E.Leclerc Le\u00f3n\",\"description\":\"Descubre los folletos, ofertas y promociones de nuestro hipermercado E.Leclerc Le\u00f3n en Castilla y Le\u00f3n. Direcci\u00f3n | Horario | Productos locales\",\"publisher\":{\"@id\":\"https:\\\/\\\/e-leclerc.es\\\/leon\\\/#organization\"},\"potentialAction\":[{\"@type\":\"SearchAction\",\"target\":{\"@type\":\"EntryPoint\",\"urlTemplate\":\"https:\\\/\\\/e-leclerc.es\\\/leon\\\/?s={search_term_string}\"},\"query-input\":{\"@type\":\"PropertyValueSpecification\",\"valueRequired\":true,\"valueName\":\"search_term_string\"}}],\"inLanguage\":\"es\"},{\"@type\":\"Organization\",\"@id\":\"https:\\\/\\\/e-leclerc.es\\\/leon\\\/#organization\",\"name\":\"E.Leclerc Le\u00f3n\",\"url\":\"https:\\\/\\\/e-leclerc.es\\\/leon\\\/\",\"logo\":{\"@type\":\"ImageObject\",\"inLanguage\":\"es\",\"@id\":\"https:\\\/\\\/e-leclerc.es\\\/leon\\\/#\\\/schema\\\/logo\\\/image\\\/\",\"url\":\"https:\\\/\\\/e-leclerc.es\\\/leon\\\/wp-content\\\/uploads\\\/sites\\\/10\\\/2024\\\/03\\\/Leclerc_Logo.svg\",\"contentUrl\":\"https:\\\/\\\/e-leclerc.es\\\/leon\\\/wp-content\\\/uploads\\\/sites\\\/10\\\/2024\\\/03\\\/Leclerc_Logo.svg\",\"caption\":\"E.Leclerc Le\u00f3n\"},\"image\":{\"@id\":\"https:\\\/\\\/e-leclerc.es\\\/leon\\\/#\\\/schema\\\/logo\\\/image\\\/\"}}]}<\/script>\n<!-- \/ Yoast SEO plugin. -->","yoast_head_json":{"title":"Reserva libros de texto - E.Leclerc Le\u00f3n","robots":{"index":"noindex","follow":"follow"},"og_locale":"es_ES","og_type":"article","og_title":"Reserva libros de texto - E.Leclerc Le\u00f3n","og_description":"Solicitud de libros de texto para el curso escolar 2025\/2026 Reserva YA tus libros de textopara el pr\u00f3ximo curso AL MEJOR PRECIO,te damos un 5 %* en tu tarjeta E.Leclerc *En todos los libros de texto, todos los d\u00edas. Ofertas no acumulables. Con los datos que te han facilitado en el colegio, rellena el siguiente [&hellip;]","og_url":"https:\/\/e-leclerc.es\/leon\/reserva-libros-de-texto\/","og_site_name":"E.Leclerc Le\u00f3n","article_modified_time":"2025-06-18T11:20:47+00:00","twitter_card":"summary_large_image","twitter_misc":{"Tiempo de lectura":"2 minutos"},"schema":{"@context":"https:\/\/schema.org","@graph":[{"@type":"WebPage","@id":"https:\/\/e-leclerc.es\/leon\/reserva-libros-de-texto\/","url":"https:\/\/e-leclerc.es\/leon\/reserva-libros-de-texto\/","name":"Reserva libros de texto - E.Leclerc Le\u00f3n","isPartOf":{"@id":"https:\/\/e-leclerc.es\/leon\/#website"},"primaryImageOfPage":{"@id":"https:\/\/e-leclerc.es\/leon\/reserva-libros-de-texto\/#primaryimage"},"image":{"@id":"https:\/\/e-leclerc.es\/leon\/reserva-libros-de-texto\/#primaryimage"},"thumbnailUrl":"https:\/\/e-leclerc.es\/leon\/wp-content\/uploads\/sites\/10\/2024\/06\/ventajas-3.svg","datePublished":"2024-06-04T13:54:20+00:00","dateModified":"2025-06-18T11:20:47+00:00","breadcrumb":{"@id":"https:\/\/e-leclerc.es\/leon\/reserva-libros-de-texto\/#breadcrumb"},"inLanguage":"es","potentialAction":[{"@type":"ReadAction","target":["https:\/\/e-leclerc.es\/leon\/reserva-libros-de-texto\/"]}]},{"@type":"ImageObject","inLanguage":"es","@id":"https:\/\/e-leclerc.es\/leon\/reserva-libros-de-texto\/#primaryimage","url":"https:\/\/e-leclerc.es\/leon\/wp-content\/uploads\/sites\/10\/2024\/06\/ventajas-3.svg","contentUrl":"https:\/\/e-leclerc.es\/leon\/wp-content\/uploads\/sites\/10\/2024\/06\/ventajas-3.svg","width":629,"height":420},{"@type":"BreadcrumbList","@id":"https:\/\/e-leclerc.es\/leon\/reserva-libros-de-texto\/#breadcrumb","itemListElement":[{"@type":"ListItem","position":1,"name":"Portada","item":"https:\/\/e-leclerc.es\/leon\/"},{"@type":"ListItem","position":2,"name":"Reserva libros de texto"}]},{"@type":"WebSite","@id":"https:\/\/e-leclerc.es\/leon\/#website","url":"https:\/\/e-leclerc.es\/leon\/","name":"E.Leclerc Le\u00f3n","description":"Descubre los folletos, ofertas y promociones de nuestro hipermercado E.Leclerc Le\u00f3n en Castilla y Le\u00f3n. Direcci\u00f3n | Horario | Productos locales","publisher":{"@id":"https:\/\/e-leclerc.es\/leon\/#organization"},"potentialAction":[{"@type":"SearchAction","target":{"@type":"EntryPoint","urlTemplate":"https:\/\/e-leclerc.es\/leon\/?s={search_term_string}"},"query-input":{"@type":"PropertyValueSpecification","valueRequired":true,"valueName":"search_term_string"}}],"inLanguage":"es"},{"@type":"Organization","@id":"https:\/\/e-leclerc.es\/leon\/#organization","name":"E.Leclerc Le\u00f3n","url":"https:\/\/e-leclerc.es\/leon\/","logo":{"@type":"ImageObject","inLanguage":"es","@id":"https:\/\/e-leclerc.es\/leon\/#\/schema\/logo\/image\/","url":"https:\/\/e-leclerc.es\/leon\/wp-content\/uploads\/sites\/10\/2024\/03\/Leclerc_Logo.svg","contentUrl":"https:\/\/e-leclerc.es\/leon\/wp-content\/uploads\/sites\/10\/2024\/03\/Leclerc_Logo.svg","caption":"E.Leclerc Le\u00f3n"},"image":{"@id":"https:\/\/e-leclerc.es\/leon\/#\/schema\/logo\/image\/"}}]}},"_links":{"self":[{"href":"https:\/\/e-leclerc.es\/leon\/wp-json\/wp\/v2\/pages\/7211","targetHints":{"allow":["GET"]}}],"collection":[{"href":"https:\/\/e-leclerc.es\/leon\/wp-json\/wp\/v2\/pages"}],"about":[{"href":"https:\/\/e-leclerc.es\/leon\/wp-json\/wp\/v2\/types\/page"}],"author":[{"embeddable":true,"href":"https:\/\/e-leclerc.es\/leon\/wp-json\/wp\/v2\/users\/3"}],"replies":[{"embeddable":true,"href":"https:\/\/e-leclerc.es\/leon\/wp-json\/wp\/v2\/comments?post=7211"}],"version-history":[{"count":37,"href":"https:\/\/e-leclerc.es\/leon\/wp-json\/wp\/v2\/pages\/7211\/revisions"}],"predecessor-version":[{"id":11065,"href":"https:\/\/e-leclerc.es\/leon\/wp-json\/wp\/v2\/pages\/7211\/revisions\/11065"}],"wp:attachment":[{"href":"https:\/\/e-leclerc.es\/leon\/wp-json\/wp\/v2\/media?parent=7211"}],"curies":[{"name":"wp","href":"https:\/\/api.w.org\/{rel}","templated":true}]}}