{"id":7014,"date":"2024-05-20T12:49:29","date_gmt":"2024-05-20T10:49:29","guid":{"rendered":"https:\/\/www.e-leclerc.es\/leon\/?page_id=7014"},"modified":"2024-05-20T12:57:11","modified_gmt":"2024-05-20T10:57:11","slug":"canal-etico","status":"publish","type":"page","link":"https:\/\/e-leclerc.es\/leon\/canal-etico\/","title":{"rendered":"Canal \u00e9tico"},"content":{"rendered":"\t\t<div data-elementor-type=\"wp-page\" data-elementor-id=\"7014\" class=\"elementor elementor-7014\" data-elementor-post-type=\"page\">\n\t\t\t\t<div class=\"elementor-element elementor-element-d5c26dc e-flex e-con-boxed e-con e-parent\" data-id=\"d5c26dc\" data-element_type=\"container\" data-e-type=\"container\">\n\t\t\t\t\t<div class=\"e-con-inner\">\n\t\t\t\t<div class=\"elementor-element elementor-element-10ea006 elementor-widget elementor-widget-text-editor\" data-id=\"10ea006\" data-element_type=\"widget\" data-e-type=\"widget\" data-widget_type=\"text-editor.default\">\n\t\t\t\t<div class=\"elementor-widget-container\">\n\t\t\t\t\t\t\t\t\t<p>Acaba de conectar Vd. con el CANAL DE DENUNCIAS de la entidad Toriodis SL (E.Leclerc Le\u00f3n).<\/p><p>El CANAL DE DENUNCIAS es un instrumento que sirve para que Vd. pueda informar de alg\u00fan hecho que Vd. considere irregular, y con el fin de que la empresa o entidad a la que se dirige Vd., a trav\u00e9s de sus \u00f3rganos, investigue la informaci\u00f3n facilitada, llegando a unas conclusiones a trav\u00e9s de un procedimiento que a continuaci\u00f3n le explicamos.<\/p>\t\t\t\t\t\t\t\t<\/div>\n\t\t\t\t<\/div>\n\t\t\t\t<div class=\"elementor-element elementor-element-8d437bd elementor-invisible elementor-widget elementor-widget-rt-title\" data-id=\"8d437bd\" data-element_type=\"widget\" data-e-type=\"widget\" data-widget_type=\"rt-title.default\">\n\t\t\t\t<div class=\"elementor-widget-container\">\n\t\t\t\t\t<div class=\"rt-section-title style1\">\n\t<div class=\"title-holder\">\t\t\n\t\t\t\t\t\t<div class=\"heading-wrap \"><h2 class=\"entry-title hide fadeInUp\" data-wow-delay=\"0.4s\" data-wow-duration=\"1.2s\">PROCEDIMIENTO<\/h2><\/div>\n\t\t\t\t\t\t\t<\/div>\n<\/div>\n\t\t\t\t<\/div>\n\t\t\t\t<\/div>\n\t\t\t\t<div class=\"elementor-element elementor-element-57a6d5e elementor-widget elementor-widget-text-editor\" data-id=\"57a6d5e\" data-element_type=\"widget\" data-e-type=\"widget\" data-widget_type=\"text-editor.default\">\n\t\t\t\t<div class=\"elementor-widget-container\">\n\t\t\t\t\t\t\t\t\t<p>Puede Vd. hacer la informaci\u00f3n por escrito, bien mediante correo postal a la siguiente direcci\u00f3n Avenida P\u00e1rroco Pablo D\u00edez S\/N 24010 Trobajo del Camino (Le\u00f3n), bien por medio de correo electr\u00f3nico a trav\u00e9s del formulario que aparecer\u00e1 a continuaci\u00f3n, bien mediante un mensaje hablado que puede Vd. dejar en el apartado de mensaje hablado, bien a trav\u00e9s de un mensaje hablado a trav\u00e9s del n\u00famero de tel\u00e9fono que le facilitamos a continuaci\u00f3n por medio de Whatsapp 639 10 60 61.<\/p><p>Puede Vd. informarnos d\u00e1ndonos sus datos personales, nombre, apellidos, DNI y tel\u00e9fono de contacto y email, o puede Vd. hacer la informaci\u00f3n de forma an\u00f3nima.<\/p><p>Puede Vd. igualmente informarnos de la persona que est\u00e1 cometiendo un hecho irregular o puede Vd. informarnos de forma gen\u00e9rica de ello solo detallando el hecho.<\/p><p>Obviamente cuanta m\u00e1s informaci\u00f3n y m\u00e1s datos tengamos, mucho mejor.<\/p><p>El Canal de Denuncias es una herramienta del Sistema Interno de Informaci\u00f3n que ha implantado la empresa como consecuencia de la Ley 2\/2023 de 20 de febrero, y sirve para que Vd. como informante tenga las medidas de apoyo y de protecci\u00f3n suficientes para evitar cualquier tipo de represalias.<\/p><p>Una vez se haya recibido la informaci\u00f3n por parte del Comit\u00e9 del Sistema Interno de Informaci\u00f3n, se le enviar\u00e1 a Vd. un email acordando la recepci\u00f3n de la misma, en el plazo de 7 dias h\u00e1biles siguientes.<\/p><p>El resultado de la investigaci\u00f3n no podr\u00e1 demorarse m\u00e1s de 3 meses (salvo que la complejidad del asunto as\u00ed lo requiera) desde la recepci\u00f3n de la misma o desde la comunicaci\u00f3n a Vd. del acuse de la misma, advirti\u00e9ndole que puede demorarse otro plazo de 3 meses debido a su complejidad.<\/p><p>A Vd. Sr. O Sra. Informante, le informamos nosotros que siempre que sea necesario, y si es posible, nos dirigiremos cuantas veces consideremos para que nos amplie la informaci\u00f3n necesaria.<\/p><p>Recibida la informaci\u00f3n, el Comit\u00e9 del SII, (si la denuncia es personalizada) citar\u00e1 al informante, para que se ratifique en la denuncia en el plazo de los 5 d\u00edas siguientes a la emisi\u00f3n de la informaci\u00f3n o de los cincos d\u00edas siguientes al acuse de la recepci\u00f3n.<\/p><p>Una vez ratificada la informaci\u00f3n, el Comit\u00e9 del SII citar\u00e1 al denunciado o denunciados para o\u00edrlos, en el plazo de los 10 dias h\u00e1biles siguientes, para que comparezcan ante el Comit\u00e9 del SII, bien solos, bien acompa\u00f1ados de sus abogados o de un hombre bueno o bien acompa\u00f1ados de un miembro de la representaci\u00f3n legal de los trabajadores.<\/p><p>El Comit\u00e9 del SII podr\u00e1 citar cuantas veces considere necesario, dentro del plazo de los tres meses siguientes a la recepci\u00f3n de la informaci\u00f3n o de los tres meses de pr\u00f3rroga, tanto al informante si la denuncia fuera nominativa, como al denunciado o denunciados por los hechos.<\/p><p>Efectuadas las investigaciones necesarias, el responsable del SII de la empresa u entidad, junto con el Abogado de Confianza, antes del plazo de los tres meses o antes del plazo de los tres meses de la pr\u00f3rroga, decidir\u00e1n si los hechos objeto de la denuncia revisten car\u00e1cter de delito o no. Caso de que as\u00ed fuera se dar\u00e1 traslado de todas las actuaciones al Juzgado de Guardia. Si los hechos no revistieran car\u00e1cter de delito, pero si fueran irregulares y susceptibles de ser sancionados, informar\u00e1n de ello a la Direcci\u00f3n de la Empresa, al objeto de que \u00e9sta decida.<\/p><p>La direcci\u00f3n de la empresa decidir\u00e1 por escrito lo que corresponda, antes de los dos meses siguientes a la recepci\u00f3n del informe del SII, teniendo en consideraci\u00f3n que contra dicha decisi\u00f3n cabe impugnaci\u00f3n ante los Tribunales de Justicia.<\/p>\t\t\t\t\t\t\t\t<\/div>\n\t\t\t\t<\/div>\n\t\t\t\t<div class=\"elementor-element elementor-element-5f98db7 elementor-invisible elementor-widget elementor-widget-rt-button\" data-id=\"5f98db7\" data-element_type=\"widget\" data-e-type=\"widget\" data-widget_type=\"rt-button.default\">\n\t\t\t\t<div class=\"elementor-widget-container\">\n\t\t\t\t\t<div class=\"rt-button hide fadeInUp\" data-wow-delay=\"0.2s\" data-wow-duration=\"1.2s\">\n\t\t\t<a class=\"button-link button-style-4\" href=\"https:\/\/e-leclerc.es\/leon\/denuncia\/\">\n                        <span class=\"button-text button-text-right\">Acepto<\/span>\n                        <span class=\"icon icon-right\"><i class=\" icon-zilly-right-arrow\"><\/i><\/span>                    <\/a>\n\t<\/div>\t\t\t\t<\/div>\n\t\t\t\t<\/div>\n\t\t\t\t\t<\/div>\n\t\t\t\t<\/div>\n\t\t\t\t<\/div>\n\t\t","protected":false},"excerpt":{"rendered":"<p>Acaba de conectar Vd. con el CANAL DE DENUNCIAS de la entidad Toriodis SL (E.Leclerc Le\u00f3n). El CANAL DE DENUNCIAS es un instrumento que sirve para que Vd. pueda informar de alg\u00fan hecho que Vd. considere irregular, y con el fin de que la empresa o entidad a la que se dirige Vd., a trav\u00e9s [&hellip;]<\/p>\n","protected":false},"author":3,"featured_media":0,"parent":0,"menu_order":0,"comment_status":"closed","ping_status":"closed","template":"","meta":{"_acf_changed":false,"footnotes":""},"class_list":["post-7014","page","type-page","status-publish","hentry"],"acf":[],"yoast_head":"<!-- This site is optimized with the Yoast SEO plugin v27.4 - https:\/\/yoast.com\/product\/yoast-seo-wordpress\/ -->\n<title>Canal \u00e9tico - E.Leclerc Le\u00f3n<\/title>\n<meta name=\"robots\" content=\"index, follow, max-snippet:-1, max-image-preview:large, max-video-preview:-1\" \/>\n<link rel=\"canonical\" href=\"https:\/\/e-leclerc.es\/leon\/canal-etico\/\" \/>\n<meta property=\"og:locale\" content=\"es_ES\" \/>\n<meta property=\"og:type\" content=\"article\" \/>\n<meta property=\"og:title\" content=\"Canal \u00e9tico - E.Leclerc Le\u00f3n\" \/>\n<meta property=\"og:description\" content=\"Acaba de conectar Vd. con el CANAL DE DENUNCIAS de la entidad Toriodis SL (E.Leclerc Le\u00f3n). El CANAL DE DENUNCIAS es un instrumento que sirve para que Vd. pueda informar de alg\u00fan hecho que Vd. considere irregular, y con el fin de que la empresa o entidad a la que se dirige Vd., a trav\u00e9s [&hellip;]\" \/>\n<meta property=\"og:url\" content=\"https:\/\/e-leclerc.es\/leon\/canal-etico\/\" \/>\n<meta property=\"og:site_name\" content=\"E.Leclerc Le\u00f3n\" \/>\n<meta property=\"article:modified_time\" content=\"2024-05-20T10:57:11+00:00\" \/>\n<meta name=\"twitter:card\" content=\"summary_large_image\" \/>\n<meta name=\"twitter:label1\" content=\"Tiempo de lectura\" \/>\n\t<meta name=\"twitter:data1\" content=\"4 minutos\" \/>\n<script type=\"application\/ld+json\" class=\"yoast-schema-graph\">{\"@context\":\"https:\\\/\\\/schema.org\",\"@graph\":[{\"@type\":\"WebPage\",\"@id\":\"https:\\\/\\\/e-leclerc.es\\\/leon\\\/canal-etico\\\/\",\"url\":\"https:\\\/\\\/e-leclerc.es\\\/leon\\\/canal-etico\\\/\",\"name\":\"Canal \u00e9tico - E.Leclerc Le\u00f3n\",\"isPartOf\":{\"@id\":\"https:\\\/\\\/e-leclerc.es\\\/leon\\\/#website\"},\"datePublished\":\"2024-05-20T10:49:29+00:00\",\"dateModified\":\"2024-05-20T10:57:11+00:00\",\"breadcrumb\":{\"@id\":\"https:\\\/\\\/e-leclerc.es\\\/leon\\\/canal-etico\\\/#breadcrumb\"},\"inLanguage\":\"es\",\"potentialAction\":[{\"@type\":\"ReadAction\",\"target\":[\"https:\\\/\\\/e-leclerc.es\\\/leon\\\/canal-etico\\\/\"]}]},{\"@type\":\"BreadcrumbList\",\"@id\":\"https:\\\/\\\/e-leclerc.es\\\/leon\\\/canal-etico\\\/#breadcrumb\",\"itemListElement\":[{\"@type\":\"ListItem\",\"position\":1,\"name\":\"Portada\",\"item\":\"https:\\\/\\\/e-leclerc.es\\\/leon\\\/\"},{\"@type\":\"ListItem\",\"position\":2,\"name\":\"Canal \u00e9tico\"}]},{\"@type\":\"WebSite\",\"@id\":\"https:\\\/\\\/e-leclerc.es\\\/leon\\\/#website\",\"url\":\"https:\\\/\\\/e-leclerc.es\\\/leon\\\/\",\"name\":\"E.Leclerc Le\u00f3n\",\"description\":\"Descubre los folletos, ofertas y promociones de nuestro hipermercado E.Leclerc Le\u00f3n en Castilla y Le\u00f3n. Direcci\u00f3n | Horario | Productos locales\",\"publisher\":{\"@id\":\"https:\\\/\\\/e-leclerc.es\\\/leon\\\/#organization\"},\"potentialAction\":[{\"@type\":\"SearchAction\",\"target\":{\"@type\":\"EntryPoint\",\"urlTemplate\":\"https:\\\/\\\/e-leclerc.es\\\/leon\\\/?s={search_term_string}\"},\"query-input\":{\"@type\":\"PropertyValueSpecification\",\"valueRequired\":true,\"valueName\":\"search_term_string\"}}],\"inLanguage\":\"es\"},{\"@type\":\"Organization\",\"@id\":\"https:\\\/\\\/e-leclerc.es\\\/leon\\\/#organization\",\"name\":\"E.Leclerc Le\u00f3n\",\"url\":\"https:\\\/\\\/e-leclerc.es\\\/leon\\\/\",\"logo\":{\"@type\":\"ImageObject\",\"inLanguage\":\"es\",\"@id\":\"https:\\\/\\\/e-leclerc.es\\\/leon\\\/#\\\/schema\\\/logo\\\/image\\\/\",\"url\":\"https:\\\/\\\/e-leclerc.es\\\/leon\\\/wp-content\\\/uploads\\\/sites\\\/10\\\/2024\\\/03\\\/Leclerc_Logo.svg\",\"contentUrl\":\"https:\\\/\\\/e-leclerc.es\\\/leon\\\/wp-content\\\/uploads\\\/sites\\\/10\\\/2024\\\/03\\\/Leclerc_Logo.svg\",\"caption\":\"E.Leclerc Le\u00f3n\"},\"image\":{\"@id\":\"https:\\\/\\\/e-leclerc.es\\\/leon\\\/#\\\/schema\\\/logo\\\/image\\\/\"}}]}<\/script>\n<!-- \/ Yoast SEO plugin. -->","yoast_head_json":{"title":"Canal \u00e9tico - E.Leclerc Le\u00f3n","robots":{"index":"index","follow":"follow","max-snippet":"max-snippet:-1","max-image-preview":"max-image-preview:large","max-video-preview":"max-video-preview:-1"},"canonical":"https:\/\/e-leclerc.es\/leon\/canal-etico\/","og_locale":"es_ES","og_type":"article","og_title":"Canal \u00e9tico - E.Leclerc Le\u00f3n","og_description":"Acaba de conectar Vd. con el CANAL DE DENUNCIAS de la entidad Toriodis SL (E.Leclerc Le\u00f3n). El CANAL DE DENUNCIAS es un instrumento que sirve para que Vd. pueda informar de alg\u00fan hecho que Vd. considere irregular, y con el fin de que la empresa o entidad a la que se dirige Vd., a trav\u00e9s [&hellip;]","og_url":"https:\/\/e-leclerc.es\/leon\/canal-etico\/","og_site_name":"E.Leclerc Le\u00f3n","article_modified_time":"2024-05-20T10:57:11+00:00","twitter_card":"summary_large_image","twitter_misc":{"Tiempo de lectura":"4 minutos"},"schema":{"@context":"https:\/\/schema.org","@graph":[{"@type":"WebPage","@id":"https:\/\/e-leclerc.es\/leon\/canal-etico\/","url":"https:\/\/e-leclerc.es\/leon\/canal-etico\/","name":"Canal \u00e9tico - E.Leclerc Le\u00f3n","isPartOf":{"@id":"https:\/\/e-leclerc.es\/leon\/#website"},"datePublished":"2024-05-20T10:49:29+00:00","dateModified":"2024-05-20T10:57:11+00:00","breadcrumb":{"@id":"https:\/\/e-leclerc.es\/leon\/canal-etico\/#breadcrumb"},"inLanguage":"es","potentialAction":[{"@type":"ReadAction","target":["https:\/\/e-leclerc.es\/leon\/canal-etico\/"]}]},{"@type":"BreadcrumbList","@id":"https:\/\/e-leclerc.es\/leon\/canal-etico\/#breadcrumb","itemListElement":[{"@type":"ListItem","position":1,"name":"Portada","item":"https:\/\/e-leclerc.es\/leon\/"},{"@type":"ListItem","position":2,"name":"Canal \u00e9tico"}]},{"@type":"WebSite","@id":"https:\/\/e-leclerc.es\/leon\/#website","url":"https:\/\/e-leclerc.es\/leon\/","name":"E.Leclerc Le\u00f3n","description":"Descubre los folletos, ofertas y promociones de nuestro hipermercado E.Leclerc Le\u00f3n en Castilla y Le\u00f3n. Direcci\u00f3n | Horario | Productos locales","publisher":{"@id":"https:\/\/e-leclerc.es\/leon\/#organization"},"potentialAction":[{"@type":"SearchAction","target":{"@type":"EntryPoint","urlTemplate":"https:\/\/e-leclerc.es\/leon\/?s={search_term_string}"},"query-input":{"@type":"PropertyValueSpecification","valueRequired":true,"valueName":"search_term_string"}}],"inLanguage":"es"},{"@type":"Organization","@id":"https:\/\/e-leclerc.es\/leon\/#organization","name":"E.Leclerc Le\u00f3n","url":"https:\/\/e-leclerc.es\/leon\/","logo":{"@type":"ImageObject","inLanguage":"es","@id":"https:\/\/e-leclerc.es\/leon\/#\/schema\/logo\/image\/","url":"https:\/\/e-leclerc.es\/leon\/wp-content\/uploads\/sites\/10\/2024\/03\/Leclerc_Logo.svg","contentUrl":"https:\/\/e-leclerc.es\/leon\/wp-content\/uploads\/sites\/10\/2024\/03\/Leclerc_Logo.svg","caption":"E.Leclerc Le\u00f3n"},"image":{"@id":"https:\/\/e-leclerc.es\/leon\/#\/schema\/logo\/image\/"}}]}},"_links":{"self":[{"href":"https:\/\/e-leclerc.es\/leon\/wp-json\/wp\/v2\/pages\/7014","targetHints":{"allow":["GET"]}}],"collection":[{"href":"https:\/\/e-leclerc.es\/leon\/wp-json\/wp\/v2\/pages"}],"about":[{"href":"https:\/\/e-leclerc.es\/leon\/wp-json\/wp\/v2\/types\/page"}],"author":[{"embeddable":true,"href":"https:\/\/e-leclerc.es\/leon\/wp-json\/wp\/v2\/users\/3"}],"replies":[{"embeddable":true,"href":"https:\/\/e-leclerc.es\/leon\/wp-json\/wp\/v2\/comments?post=7014"}],"version-history":[{"count":6,"href":"https:\/\/e-leclerc.es\/leon\/wp-json\/wp\/v2\/pages\/7014\/revisions"}],"predecessor-version":[{"id":7021,"href":"https:\/\/e-leclerc.es\/leon\/wp-json\/wp\/v2\/pages\/7014\/revisions\/7021"}],"wp:attachment":[{"href":"https:\/\/e-leclerc.es\/leon\/wp-json\/wp\/v2\/media?parent=7014"}],"curies":[{"name":"wp","href":"https:\/\/api.w.org\/{rel}","templated":true}]}}