{"id":10110,"date":"2024-12-13T10:26:18","date_gmt":"2024-12-13T09:26:18","guid":{"rendered":"https:\/\/www.e-leclerc.es\/aranjuez\/?page_id=10110"},"modified":"2024-12-13T10:26:18","modified_gmt":"2024-12-13T09:26:18","slug":"bases-concurso-infantil","status":"publish","type":"page","link":"https:\/\/e-leclerc.es\/aranjuez\/bases-concurso-infantil\/","title":{"rendered":"Bases concurso infantil"},"content":{"rendered":"\n<p><strong>Concurso \u00a1DECORA NUESTRO \u00c1RBOL!<\/strong><\/p>\n\n\n\n<p>Invitamos a los ni\u00f1os y ni\u00f1as de Aranjuez a dejar volar su imaginaci\u00f3n y crear un adorno navide\u00f1o con el que podr\u00e1n decorar nuestro \u00e1rbol de Navidad.<\/p>\n\n\n\n<ol class=\"wp-block-list\">\n<li>\u00bfQui\u00e9n puede participar?<\/li>\n<\/ol>\n\n\n\n<ul class=\"wp-block-list\">\n<li>Ni\u00f1os y ni\u00f1as de hasta 12 a\u00f1os.<\/li>\n<\/ul>\n\n\n\n<ol start=\"2\" class=\"wp-block-list\">\n<li>\u00bfC\u00f3mo participar?<\/li>\n<\/ol>\n\n\n\n<ul class=\"wp-block-list\">\n<li>Crea un adorno navide\u00f1o original. Puedes usar materiales reciclados, cartulina, pintura\u2026 \u00a1Lo que quieras!<\/li>\n\n\n\n<li>Inscr\u00edbete en Caja Central en nuestra tienda hasta el 22 de diciembre. \u00a1Te acompa\u00f1aremos a poner tu adorno en nuestro \u00e1rbol!<\/li>\n<\/ul>\n\n\n\n<ol start=\"3\" class=\"wp-block-list\">\n<li>Exposici\u00f3n<\/li>\n<\/ol>\n\n\n\n<ul class=\"wp-block-list\">\n<li>Todos los adornos ser\u00e1n expuestos en el \u00e1rbol que podr\u00e9is ver en nuestra tienda.<\/li>\n<\/ul>\n\n\n\n<p><strong>BASES<\/strong><\/p>\n\n\n\n<p><strong>Organizador<\/strong><\/p>\n\n\n\n<p>El concurso est\u00e1 organizado por E.Leclerc Aranjuez (Novarandis S.L.).<\/p>\n\n\n\n<p><strong>Qui\u00e9n puede participar<\/strong><\/p>\n\n\n\n<p>Podr\u00e1n participar ni\u00f1os y ni\u00f1as de hasta 12 a\u00f1os. Cada participante podr\u00e1 presentar un \u00fanico adorno.<\/p>\n\n\n\n<p><strong>Inscripci\u00f3n<\/strong><\/p>\n\n\n\n<p>Para participar, los padres o tutores legales deber\u00e1n acompa\u00f1ar a los participantes a entregar el adorno navide\u00f1o en la Caja Central de E.Leclerc Aranjuez hasta el 22 de diciembre.<\/p>\n\n\n\n<p><strong>Caracter\u00edsticas del adorno<\/strong><\/p>\n\n\n\n<p>Los adornos deben ser originales. Se permite el uso de materiales reciclados, papel, pintura, purpurina y cualquier otro material que no sea peligroso. El tama\u00f1o no debe superar los 10 cent\u00edmetros de altura para garantizar espacio para todos los participantes. No se aceptar\u00e1n adornos comprados.<\/p>\n\n\n\n<p><strong>Identificaci\u00f3n<\/strong><\/p>\n\n\n\n<p>Se identificar\u00e1 cada adorno con una etiqueta numerada acorde con el n\u00famero de la inscripci\u00f3n en el concurso.<\/p>\n\n\n\n<p>En la inscripci\u00f3n se&nbsp; deber\u00e1 incluir: nombre del participante, edad y tel\u00e9fono de contacto de un adulto responsable.<\/p>\n\n\n\n<p><strong>Exposici\u00f3n y votaci\u00f3n<\/strong><\/p>\n\n\n\n<p>Todos los adornos ser\u00e1n exhibidos en nuestra tienda hasta el 6 de enero de 2025. Los ganadores ser\u00e1n elegidos mediante votaci\u00f3n por los clientes accediendo al enlace: \u2026\u2026, al cual se podr\u00e1 acceder escaneando el QR de la carteler\u00eda y mediante el enlace proporcionado en redes sociales. La votaci\u00f3n estar\u00e1 abierta hasta el 22 de diciembre.<\/p>\n\n\n\n<p><strong>Premios<\/strong><\/p>\n\n\n\n<p>Primer premio: 50\u20ac en Tarjeta E.Leclerc de los padres o tutores del participante.<\/p>\n\n\n\n<p>Segundo premio: 25\u20ac en Tarjeta E.Leclerc de los padres o tutores del participante.<\/p>\n\n\n\n<p><strong>Anuncio de los ganadores<\/strong><\/p>\n\n\n\n<p>Los ganadores ser\u00e1n anunciados el 23 de diciembre en redes sociales y por WhatsApp a los n\u00fameros de tel\u00e9fono proporcionados por los padres o tutores legales de los participantes.<\/p>\n\n\n\n<p><strong>Condiciones adicionales<\/strong><\/p>\n\n\n\n<p>E.Leclerc Aranjuez se reserva el derecho de descartar los adornos que no cumplan con las bases del concurso o que sean ofensivos. Los adornos entregados pasar\u00e1n a ser parte de la decoraci\u00f3n de la tienda hasta el 6 de enero de 2025 y no ser\u00e1n devueltos. A la entrega del premio se pedir\u00e1 una foto. En caso de empate, se elegir\u00e1 al ganador del premio por sorteo al azar.<\/p>\n\n\n\n<p><strong>Aceptaci\u00f3n de las bases<\/strong><\/p>\n\n\n\n<p>La participaci\u00f3n en el concurso implica la aceptaci\u00f3n de estas bases y la cesi\u00f3n del derecho a exponer el adorno en las instalaciones de E.Leclerc.<\/p>\n","protected":false},"excerpt":{"rendered":"<p>Concurso \u00a1DECORA NUESTRO \u00c1RBOL! Invitamos a los ni\u00f1os y ni\u00f1as de Aranjuez a dejar volar su imaginaci\u00f3n y crear un adorno navide\u00f1o con el que podr\u00e1n decorar nuestro \u00e1rbol de Navidad. BASES Organizador El concurso est\u00e1 organizado por E.Leclerc Aranjuez (Novarandis S.L.). Qui\u00e9n puede participar Podr\u00e1n participar ni\u00f1os y ni\u00f1as de hasta 12 a\u00f1os. Cada [&hellip;]<\/p>\n","protected":false},"author":28,"featured_media":0,"parent":0,"menu_order":0,"comment_status":"closed","ping_status":"closed","template":"","meta":{"_acf_changed":false,"footnotes":""},"class_list":["post-10110","page","type-page","status-publish","hentry"],"acf":[],"yoast_head":"<!-- This site is optimized with the Yoast SEO plugin v27.4 - https:\/\/yoast.com\/product\/yoast-seo-wordpress\/ -->\n<title>Bases concurso infantil - E.Leclerc Aranjuez<\/title>\n<meta name=\"robots\" content=\"index, follow, max-snippet:-1, max-image-preview:large, max-video-preview:-1\" \/>\n<link rel=\"canonical\" href=\"https:\/\/e-leclerc.es\/aranjuez\/bases-concurso-infantil\/\" \/>\n<meta property=\"og:locale\" content=\"es_ES\" \/>\n<meta property=\"og:type\" content=\"article\" \/>\n<meta property=\"og:title\" content=\"Bases concurso infantil - E.Leclerc Aranjuez\" \/>\n<meta property=\"og:description\" content=\"Concurso \u00a1DECORA NUESTRO \u00c1RBOL! Invitamos a los ni\u00f1os y ni\u00f1as de Aranjuez a dejar volar su imaginaci\u00f3n y crear un adorno navide\u00f1o con el que podr\u00e1n decorar nuestro \u00e1rbol de Navidad. BASES Organizador El concurso est\u00e1 organizado por E.Leclerc Aranjuez (Novarandis S.L.). Qui\u00e9n puede participar Podr\u00e1n participar ni\u00f1os y ni\u00f1as de hasta 12 a\u00f1os. Cada [&hellip;]\" \/>\n<meta property=\"og:url\" content=\"https:\/\/e-leclerc.es\/aranjuez\/bases-concurso-infantil\/\" \/>\n<meta property=\"og:site_name\" content=\"E.Leclerc Aranjuez\" \/>\n<meta name=\"twitter:card\" content=\"summary_large_image\" \/>\n<meta name=\"twitter:label1\" content=\"Tiempo de lectura\" \/>\n\t<meta name=\"twitter:data1\" content=\"3 minutos\" \/>\n<script type=\"application\/ld+json\" class=\"yoast-schema-graph\">{\"@context\":\"https:\\\/\\\/schema.org\",\"@graph\":[{\"@type\":\"WebPage\",\"@id\":\"https:\\\/\\\/e-leclerc.es\\\/aranjuez\\\/bases-concurso-infantil\\\/\",\"url\":\"https:\\\/\\\/e-leclerc.es\\\/aranjuez\\\/bases-concurso-infantil\\\/\",\"name\":\"Bases concurso infantil - E.Leclerc Aranjuez\",\"isPartOf\":{\"@id\":\"https:\\\/\\\/e-leclerc.es\\\/aranjuez\\\/#website\"},\"datePublished\":\"2024-12-13T09:26:18+00:00\",\"breadcrumb\":{\"@id\":\"https:\\\/\\\/e-leclerc.es\\\/aranjuez\\\/bases-concurso-infantil\\\/#breadcrumb\"},\"inLanguage\":\"es\",\"potentialAction\":[{\"@type\":\"ReadAction\",\"target\":[\"https:\\\/\\\/e-leclerc.es\\\/aranjuez\\\/bases-concurso-infantil\\\/\"]}]},{\"@type\":\"BreadcrumbList\",\"@id\":\"https:\\\/\\\/e-leclerc.es\\\/aranjuez\\\/bases-concurso-infantil\\\/#breadcrumb\",\"itemListElement\":[{\"@type\":\"ListItem\",\"position\":1,\"name\":\"Portada\",\"item\":\"https:\\\/\\\/e-leclerc.es\\\/aranjuez\\\/\"},{\"@type\":\"ListItem\",\"position\":2,\"name\":\"Bases concurso infantil\"}]},{\"@type\":\"WebSite\",\"@id\":\"https:\\\/\\\/e-leclerc.es\\\/aranjuez\\\/#website\",\"url\":\"https:\\\/\\\/e-leclerc.es\\\/aranjuez\\\/\",\"name\":\"E.Leclerc Aranjuez\",\"description\":\"Descubre los folletos, ofertas y promociones de nuestro hipermercado E.Leclerc Aranjuez en Comunidad de Madrid. Direcci\u00f3n | Horario | Productos locales\",\"publisher\":{\"@id\":\"https:\\\/\\\/e-leclerc.es\\\/aranjuez\\\/#organization\"},\"potentialAction\":[{\"@type\":\"SearchAction\",\"target\":{\"@type\":\"EntryPoint\",\"urlTemplate\":\"https:\\\/\\\/e-leclerc.es\\\/aranjuez\\\/?s={search_term_string}\"},\"query-input\":{\"@type\":\"PropertyValueSpecification\",\"valueRequired\":true,\"valueName\":\"search_term_string\"}}],\"inLanguage\":\"es\"},{\"@type\":\"Organization\",\"@id\":\"https:\\\/\\\/e-leclerc.es\\\/aranjuez\\\/#organization\",\"name\":\"E.Leclerc Aranjuez\",\"url\":\"https:\\\/\\\/e-leclerc.es\\\/aranjuez\\\/\",\"logo\":{\"@type\":\"ImageObject\",\"inLanguage\":\"es\",\"@id\":\"https:\\\/\\\/e-leclerc.es\\\/aranjuez\\\/#\\\/schema\\\/logo\\\/image\\\/\",\"url\":\"https:\\\/\\\/e-leclerc.es\\\/aranjuez\\\/wp-content\\\/uploads\\\/sites\\\/11\\\/2024\\\/03\\\/Leclerc_Logo.svg\",\"contentUrl\":\"https:\\\/\\\/e-leclerc.es\\\/aranjuez\\\/wp-content\\\/uploads\\\/sites\\\/11\\\/2024\\\/03\\\/Leclerc_Logo.svg\",\"caption\":\"E.Leclerc Aranjuez\"},\"image\":{\"@id\":\"https:\\\/\\\/e-leclerc.es\\\/aranjuez\\\/#\\\/schema\\\/logo\\\/image\\\/\"}}]}<\/script>\n<!-- \/ Yoast SEO plugin. -->","yoast_head_json":{"title":"Bases concurso infantil - E.Leclerc Aranjuez","robots":{"index":"index","follow":"follow","max-snippet":"max-snippet:-1","max-image-preview":"max-image-preview:large","max-video-preview":"max-video-preview:-1"},"canonical":"https:\/\/e-leclerc.es\/aranjuez\/bases-concurso-infantil\/","og_locale":"es_ES","og_type":"article","og_title":"Bases concurso infantil - E.Leclerc Aranjuez","og_description":"Concurso \u00a1DECORA NUESTRO \u00c1RBOL! Invitamos a los ni\u00f1os y ni\u00f1as de Aranjuez a dejar volar su imaginaci\u00f3n y crear un adorno navide\u00f1o con el que podr\u00e1n decorar nuestro \u00e1rbol de Navidad. BASES Organizador El concurso est\u00e1 organizado por E.Leclerc Aranjuez (Novarandis S.L.). Qui\u00e9n puede participar Podr\u00e1n participar ni\u00f1os y ni\u00f1as de hasta 12 a\u00f1os. Cada [&hellip;]","og_url":"https:\/\/e-leclerc.es\/aranjuez\/bases-concurso-infantil\/","og_site_name":"E.Leclerc Aranjuez","twitter_card":"summary_large_image","twitter_misc":{"Tiempo de lectura":"3 minutos"},"schema":{"@context":"https:\/\/schema.org","@graph":[{"@type":"WebPage","@id":"https:\/\/e-leclerc.es\/aranjuez\/bases-concurso-infantil\/","url":"https:\/\/e-leclerc.es\/aranjuez\/bases-concurso-infantil\/","name":"Bases concurso infantil - E.Leclerc Aranjuez","isPartOf":{"@id":"https:\/\/e-leclerc.es\/aranjuez\/#website"},"datePublished":"2024-12-13T09:26:18+00:00","breadcrumb":{"@id":"https:\/\/e-leclerc.es\/aranjuez\/bases-concurso-infantil\/#breadcrumb"},"inLanguage":"es","potentialAction":[{"@type":"ReadAction","target":["https:\/\/e-leclerc.es\/aranjuez\/bases-concurso-infantil\/"]}]},{"@type":"BreadcrumbList","@id":"https:\/\/e-leclerc.es\/aranjuez\/bases-concurso-infantil\/#breadcrumb","itemListElement":[{"@type":"ListItem","position":1,"name":"Portada","item":"https:\/\/e-leclerc.es\/aranjuez\/"},{"@type":"ListItem","position":2,"name":"Bases concurso infantil"}]},{"@type":"WebSite","@id":"https:\/\/e-leclerc.es\/aranjuez\/#website","url":"https:\/\/e-leclerc.es\/aranjuez\/","name":"E.Leclerc Aranjuez","description":"Descubre los folletos, ofertas y promociones de nuestro hipermercado E.Leclerc Aranjuez en Comunidad de Madrid. Direcci\u00f3n | Horario | Productos locales","publisher":{"@id":"https:\/\/e-leclerc.es\/aranjuez\/#organization"},"potentialAction":[{"@type":"SearchAction","target":{"@type":"EntryPoint","urlTemplate":"https:\/\/e-leclerc.es\/aranjuez\/?s={search_term_string}"},"query-input":{"@type":"PropertyValueSpecification","valueRequired":true,"valueName":"search_term_string"}}],"inLanguage":"es"},{"@type":"Organization","@id":"https:\/\/e-leclerc.es\/aranjuez\/#organization","name":"E.Leclerc Aranjuez","url":"https:\/\/e-leclerc.es\/aranjuez\/","logo":{"@type":"ImageObject","inLanguage":"es","@id":"https:\/\/e-leclerc.es\/aranjuez\/#\/schema\/logo\/image\/","url":"https:\/\/e-leclerc.es\/aranjuez\/wp-content\/uploads\/sites\/11\/2024\/03\/Leclerc_Logo.svg","contentUrl":"https:\/\/e-leclerc.es\/aranjuez\/wp-content\/uploads\/sites\/11\/2024\/03\/Leclerc_Logo.svg","caption":"E.Leclerc Aranjuez"},"image":{"@id":"https:\/\/e-leclerc.es\/aranjuez\/#\/schema\/logo\/image\/"}}]}},"_links":{"self":[{"href":"https:\/\/e-leclerc.es\/aranjuez\/wp-json\/wp\/v2\/pages\/10110","targetHints":{"allow":["GET"]}}],"collection":[{"href":"https:\/\/e-leclerc.es\/aranjuez\/wp-json\/wp\/v2\/pages"}],"about":[{"href":"https:\/\/e-leclerc.es\/aranjuez\/wp-json\/wp\/v2\/types\/page"}],"author":[{"embeddable":true,"href":"https:\/\/e-leclerc.es\/aranjuez\/wp-json\/wp\/v2\/users\/28"}],"replies":[{"embeddable":true,"href":"https:\/\/e-leclerc.es\/aranjuez\/wp-json\/wp\/v2\/comments?post=10110"}],"version-history":[{"count":2,"href":"https:\/\/e-leclerc.es\/aranjuez\/wp-json\/wp\/v2\/pages\/10110\/revisions"}],"predecessor-version":[{"id":10612,"href":"https:\/\/e-leclerc.es\/aranjuez\/wp-json\/wp\/v2\/pages\/10110\/revisions\/10612"}],"wp:attachment":[{"href":"https:\/\/e-leclerc.es\/aranjuez\/wp-json\/wp\/v2\/media?parent=10110"}],"curies":[{"name":"wp","href":"https:\/\/api.w.org\/{rel}","templated":true}]}}